{"id":12541,"date":"2026-01-29T20:02:35","date_gmt":"2026-01-29T23:02:35","guid":{"rendered":"https:\/\/lojasaquitem.com\/cores\/?page_id=12541"},"modified":"2026-01-29T20:07:49","modified_gmt":"2026-01-29T23:07:49","slug":"entrevistas-encerradas","status":"publish","type":"page","link":"https:\/\/lojasaquitem.com\/cores\/entrevistas-encerradas\/","title":{"rendered":"entrevistas-encerradas"},"content":{"rendered":"\t\t<div data-elementor-type=\"wp-page\" data-elementor-id=\"12541\" class=\"elementor elementor-12541\" data-elementor-post-type=\"page\">\n\t\t\t\t\t\t<section class=\"elementor-section elementor-top-section elementor-element elementor-element-3e5e6d6 elementor-section-boxed elementor-section-height-default elementor-section-height-default\" data-id=\"3e5e6d6\" data-element_type=\"section\" data-e-type=\"section\">\n\t\t\t\t\t\t<div class=\"elementor-container elementor-column-gap-default\">\n\t\t\t\t\t<div class=\"elementor-column elementor-col-100 elementor-top-column elementor-element elementor-element-610be62\" data-id=\"610be62\" data-element_type=\"column\" data-e-type=\"column\">\n\t\t\t<div class=\"elementor-widget-wrap elementor-element-populated\">\n\t\t\t\t\t\t<div class=\"elementor-element elementor-element-e01345d elementor-widget__width-inherit elementor-absolute elementor-widget elementor-widget-link-in-bio-var-4\" data-id=\"e01345d\" data-element_type=\"widget\" data-e-type=\"widget\" data-settings=\"{&quot;_position&quot;:&quot;absolute&quot;}\" data-widget_type=\"link-in-bio-var-4.default\">\n\t\t\t\t<div class=\"elementor-widget-container\">\n\t\t\t\t\t\t\t<div class=\"e-link-in-bio e-link-in-bio-var-4\">\n\t\t\t<div class=\"e-link-in-bio__content\">\n\n\t\t\t\t\t\t<div class=\"e-link-in-bio__identity\">\n\t\t\t\t\t\t\t\t\t<div class=\"e-link-in-bio__identity-image e-link-in-bio__identity-image-profile has-style-circle\">\n\t\t\t\t\t\t\t<img fetchpriority=\"high\" decoding=\"async\" width=\"300\" height=\"300\" src=\"https:\/\/lojasaquitem.com\/cores\/wp-content\/uploads\/2025\/01\/LogoAquiTem-300x300.png\" class=\"e-link-in-bio__identity-image-element\" alt=\"\" srcset=\"https:\/\/lojasaquitem.com\/cores\/wp-content\/uploads\/2025\/01\/LogoAquiTem-300x300.png 300w, https:\/\/lojasaquitem.com\/cores\/wp-content\/uploads\/2025\/01\/LogoAquiTem-150x150.png 150w, https:\/\/lojasaquitem.com\/cores\/wp-content\/uploads\/2025\/01\/LogoAquiTem-100x100.png 100w, https:\/\/lojasaquitem.com\/cores\/wp-content\/uploads\/2025\/01\/LogoAquiTem.png 499w\" sizes=\"(max-width: 300px) 100vw, 300px\" \/>\t\t\t\t\t\t\t\t\t\t\t\t\t<\/div>\n\t\t\t\t\t\t\t<\/div>\n\t\t\t\t\t<div class=\"e-link-in-bio__bio\">\n\t\t\t\t<h2 class=\"e-link-in-bio__heading\">Agradecemos seu interesse!<\/h2>\t\t\t\t<h3 class=\"e-link-in-bio__title\">Etapa encerrada<\/h3>\t\t\t\t\t\t\t\t<p class=\"e-link-in-bio__description\">J\u00e1 selecionamos os candidatos que v\u00e3o seguir no processo seletivo atual.\n\nDivulgaremos as pr\u00f3ximas oportunidades nas nossas redes sociais.<\/p>\t\t\t<\/div>\n\t\t\t\n\t\t<div class=\"e-link-in-bio__ctas has-type-button\">\n\t\t\t\t\t\t\t<a href=\"http:\/\/lojasaquitem.com\/televendas\" target=\"_blank\" rel=\"noopener \" class=\"e-link-in-bio__cta is-type-button has-corners-rounded\">\n\t\t\t\t\t\t\t\t\t\t<span class=\"e-link-in-bio__cta-text\">\n\t\t\t\t\t\tNossos contatos\t\t\t\t\t<\/span>\n\t\t\t\t<\/a>\n\t\t\t\t\t<\/div>\n\t\t\t\t<div class=\"e-link-in-bio__icons has-size-large\">\n\t\t\t\t\t\t\t<div class=\"e-link-in-bio__icon is-size-large\">\n\t\t\t\t\t<a href=\"https:\/\/www.instagram.com\/siga.aquitem\/\" target=\"_blank\" rel=\"noopener \" aria-label=\"Instagram\" class=\"e-link-in-bio__icon-link\">\n\t\t\t\t\t\t<span class=\"e-link-in-bio__icon-svg\">\n\t\t\t\t\t\t\t<i aria-hidden=\"true\" class=\"fab fa-instagram\"><\/i>\t\t\t\t\t\t<\/span>\n\t\t\t\t\t\t\t\t\t\t\t<\/a>\n\t\t\t\t<\/div>\n\t\t\t\t\t<\/div>\n\t\t\n\t\t\t<\/div>\n\t\t\t<div class=\"e-link-in-bio__bg\">\n\t\t\t\t<div class=\"e-link-in-bio__bg-overlay\"><\/div>\n\t\t\t<\/div>\n\t\t<\/div>\n\t\t\t\t\t\t<\/div>\n\t\t\t\t<\/div>\n\t\t\t\t\t<\/div>\n\t\t<\/div>\n\t\t\t\t\t<\/div>\n\t\t<\/section>\n\t\t\t\t<\/div>\n\t\t","protected":false},"excerpt":{"rendered":"<p>Agradecemos seu interesse! Etapa encerrada J\u00e1 selecionamos os candidatos que v\u00e3o seguir no processo seletivo atual. Divulgaremos as pr\u00f3ximas oportunidades nas nossas redes sociais. Nossos contatos<\/p>\n","protected":false},"author":1,"featured_media":0,"parent":0,"menu_order":0,"comment_status":"closed","ping_status":"closed","template":"elementor_canvas","meta":{"_joinchat":[],"footnotes":""},"class_list":["post-12541","page","type-page","status-publish","hentry"],"blocksy_meta":[],"yoast_head":"<!-- This site is optimized with the Yoast SEO plugin v27.3 - https:\/\/yoast.com\/product\/yoast-seo-wordpress\/ -->\n<title>entrevistas-encerradas - Lojas Aqui Tem<\/title>\n<meta name=\"robots\" content=\"noindex, follow, max-snippet:-1, max-image-preview:large, max-video-preview:-1\" \/>\n<meta property=\"og:locale\" content=\"pt_BR\" \/>\n<meta property=\"og:type\" content=\"article\" \/>\n<meta property=\"og:title\" content=\"entrevistas-encerradas - Lojas Aqui Tem\" \/>\n<meta property=\"og:description\" content=\"Agradecemos seu interesse! Etapa encerrada J\u00e1 selecionamos os candidatos que v\u00e3o seguir no processo seletivo atual. Divulgaremos as pr\u00f3ximas oportunidades nas nossas redes sociais. Nossos contatos\" \/>\n<meta property=\"og:url\" content=\"https:\/\/lojasaquitem.com\/cores\/entrevistas-encerradas\/\" \/>\n<meta property=\"og:site_name\" content=\"Lojas Aqui Tem\" \/>\n<meta property=\"article:modified_time\" content=\"2026-01-29T23:07:49+00:00\" \/>\n<meta property=\"og:image\" content=\"https:\/\/lojasaquitem.com\/cores\/wp-content\/uploads\/2025\/01\/LogoAquiTem-300x300.png\" \/>\n<meta name=\"twitter:card\" content=\"summary_large_image\" \/>\n<meta name=\"twitter:label1\" content=\"Est. tempo de leitura\" \/>\n\t<meta name=\"twitter:data1\" content=\"1 minuto\" \/>\n<script type=\"application\/ld+json\" class=\"yoast-schema-graph\">{\"@context\":\"https:\\\/\\\/schema.org\",\"@graph\":[{\"@type\":\"WebPage\",\"@id\":\"https:\\\/\\\/lojasaquitem.com\\\/cores\\\/entrevistas-encerradas\\\/\",\"url\":\"https:\\\/\\\/lojasaquitem.com\\\/cores\\\/entrevistas-encerradas\\\/\",\"name\":\"entrevistas-encerradas - Lojas Aqui Tem\",\"isPartOf\":{\"@id\":\"https:\\\/\\\/lojasaquitem.com\\\/cores\\\/#website\"},\"primaryImageOfPage\":{\"@id\":\"https:\\\/\\\/lojasaquitem.com\\\/cores\\\/entrevistas-encerradas\\\/#primaryimage\"},\"image\":{\"@id\":\"https:\\\/\\\/lojasaquitem.com\\\/cores\\\/entrevistas-encerradas\\\/#primaryimage\"},\"thumbnailUrl\":\"https:\\\/\\\/lojasaquitem.com\\\/cores\\\/wp-content\\\/uploads\\\/2025\\\/01\\\/LogoAquiTem-300x300.png\",\"datePublished\":\"2026-01-29T23:02:35+00:00\",\"dateModified\":\"2026-01-29T23:07:49+00:00\",\"breadcrumb\":{\"@id\":\"https:\\\/\\\/lojasaquitem.com\\\/cores\\\/entrevistas-encerradas\\\/#breadcrumb\"},\"inLanguage\":\"pt-BR\",\"potentialAction\":[{\"@type\":\"ReadAction\",\"target\":[\"https:\\\/\\\/lojasaquitem.com\\\/cores\\\/entrevistas-encerradas\\\/\"]}]},{\"@type\":\"ImageObject\",\"inLanguage\":\"pt-BR\",\"@id\":\"https:\\\/\\\/lojasaquitem.com\\\/cores\\\/entrevistas-encerradas\\\/#primaryimage\",\"url\":\"https:\\\/\\\/lojasaquitem.com\\\/cores\\\/wp-content\\\/uploads\\\/2025\\\/01\\\/LogoAquiTem.png\",\"contentUrl\":\"https:\\\/\\\/lojasaquitem.com\\\/cores\\\/wp-content\\\/uploads\\\/2025\\\/01\\\/LogoAquiTem.png\",\"width\":499,\"height\":500},{\"@type\":\"BreadcrumbList\",\"@id\":\"https:\\\/\\\/lojasaquitem.com\\\/cores\\\/entrevistas-encerradas\\\/#breadcrumb\",\"itemListElement\":[{\"@type\":\"ListItem\",\"position\":1,\"name\":\"In\u00edcio\",\"item\":\"https:\\\/\\\/lojasaquitem.com\\\/cores\\\/\"},{\"@type\":\"ListItem\",\"position\":2,\"name\":\"entrevistas-encerradas\"}]},{\"@type\":\"WebSite\",\"@id\":\"https:\\\/\\\/lojasaquitem.com\\\/cores\\\/#website\",\"url\":\"https:\\\/\\\/lojasaquitem.com\\\/cores\\\/\",\"name\":\"Lojas Aqui Tem\",\"description\":\"Leque de Cores Digital\",\"publisher\":{\"@id\":\"https:\\\/\\\/lojasaquitem.com\\\/cores\\\/#organization\"},\"potentialAction\":[{\"@type\":\"SearchAction\",\"target\":{\"@type\":\"EntryPoint\",\"urlTemplate\":\"https:\\\/\\\/lojasaquitem.com\\\/cores\\\/?s={search_term_string}\"},\"query-input\":{\"@type\":\"PropertyValueSpecification\",\"valueRequired\":true,\"valueName\":\"search_term_string\"}}],\"inLanguage\":\"pt-BR\"},{\"@type\":\"Organization\",\"@id\":\"https:\\\/\\\/lojasaquitem.com\\\/cores\\\/#organization\",\"name\":\"Lojas Aqui Tem\",\"url\":\"https:\\\/\\\/lojasaquitem.com\\\/cores\\\/\",\"logo\":{\"@type\":\"ImageObject\",\"inLanguage\":\"pt-BR\",\"@id\":\"https:\\\/\\\/lojasaquitem.com\\\/cores\\\/#\\\/schema\\\/logo\\\/image\\\/\",\"url\":\"https:\\\/\\\/lojasaquitem.com\\\/cores\\\/wp-content\\\/uploads\\\/2022\\\/03\\\/Logo-Aqui-Tem-sem-fundo.png\",\"contentUrl\":\"https:\\\/\\\/lojasaquitem.com\\\/cores\\\/wp-content\\\/uploads\\\/2022\\\/03\\\/Logo-Aqui-Tem-sem-fundo.png\",\"width\":766,\"height\":671,\"caption\":\"Lojas Aqui Tem\"},\"image\":{\"@id\":\"https:\\\/\\\/lojasaquitem.com\\\/cores\\\/#\\\/schema\\\/logo\\\/image\\\/\"}}]}<\/script>\n<!-- \/ Yoast SEO plugin. -->","yoast_head_json":{"title":"entrevistas-encerradas - Lojas Aqui Tem","robots":{"index":"noindex","follow":"follow","max-snippet":"max-snippet:-1","max-image-preview":"max-image-preview:large","max-video-preview":"max-video-preview:-1"},"og_locale":"pt_BR","og_type":"article","og_title":"entrevistas-encerradas - Lojas Aqui Tem","og_description":"Agradecemos seu interesse! Etapa encerrada J\u00e1 selecionamos os candidatos que v\u00e3o seguir no processo seletivo atual. Divulgaremos as pr\u00f3ximas oportunidades nas nossas redes sociais. Nossos contatos","og_url":"https:\/\/lojasaquitem.com\/cores\/entrevistas-encerradas\/","og_site_name":"Lojas Aqui Tem","article_modified_time":"2026-01-29T23:07:49+00:00","og_image":[{"url":"https:\/\/lojasaquitem.com\/cores\/wp-content\/uploads\/2025\/01\/LogoAquiTem-300x300.png","type":"","width":"","height":""}],"twitter_card":"summary_large_image","twitter_misc":{"Est. tempo de leitura":"1 minuto"},"schema":{"@context":"https:\/\/schema.org","@graph":[{"@type":"WebPage","@id":"https:\/\/lojasaquitem.com\/cores\/entrevistas-encerradas\/","url":"https:\/\/lojasaquitem.com\/cores\/entrevistas-encerradas\/","name":"entrevistas-encerradas - Lojas Aqui Tem","isPartOf":{"@id":"https:\/\/lojasaquitem.com\/cores\/#website"},"primaryImageOfPage":{"@id":"https:\/\/lojasaquitem.com\/cores\/entrevistas-encerradas\/#primaryimage"},"image":{"@id":"https:\/\/lojasaquitem.com\/cores\/entrevistas-encerradas\/#primaryimage"},"thumbnailUrl":"https:\/\/lojasaquitem.com\/cores\/wp-content\/uploads\/2025\/01\/LogoAquiTem-300x300.png","datePublished":"2026-01-29T23:02:35+00:00","dateModified":"2026-01-29T23:07:49+00:00","breadcrumb":{"@id":"https:\/\/lojasaquitem.com\/cores\/entrevistas-encerradas\/#breadcrumb"},"inLanguage":"pt-BR","potentialAction":[{"@type":"ReadAction","target":["https:\/\/lojasaquitem.com\/cores\/entrevistas-encerradas\/"]}]},{"@type":"ImageObject","inLanguage":"pt-BR","@id":"https:\/\/lojasaquitem.com\/cores\/entrevistas-encerradas\/#primaryimage","url":"https:\/\/lojasaquitem.com\/cores\/wp-content\/uploads\/2025\/01\/LogoAquiTem.png","contentUrl":"https:\/\/lojasaquitem.com\/cores\/wp-content\/uploads\/2025\/01\/LogoAquiTem.png","width":499,"height":500},{"@type":"BreadcrumbList","@id":"https:\/\/lojasaquitem.com\/cores\/entrevistas-encerradas\/#breadcrumb","itemListElement":[{"@type":"ListItem","position":1,"name":"In\u00edcio","item":"https:\/\/lojasaquitem.com\/cores\/"},{"@type":"ListItem","position":2,"name":"entrevistas-encerradas"}]},{"@type":"WebSite","@id":"https:\/\/lojasaquitem.com\/cores\/#website","url":"https:\/\/lojasaquitem.com\/cores\/","name":"Lojas Aqui Tem","description":"Leque de Cores Digital","publisher":{"@id":"https:\/\/lojasaquitem.com\/cores\/#organization"},"potentialAction":[{"@type":"SearchAction","target":{"@type":"EntryPoint","urlTemplate":"https:\/\/lojasaquitem.com\/cores\/?s={search_term_string}"},"query-input":{"@type":"PropertyValueSpecification","valueRequired":true,"valueName":"search_term_string"}}],"inLanguage":"pt-BR"},{"@type":"Organization","@id":"https:\/\/lojasaquitem.com\/cores\/#organization","name":"Lojas Aqui Tem","url":"https:\/\/lojasaquitem.com\/cores\/","logo":{"@type":"ImageObject","inLanguage":"pt-BR","@id":"https:\/\/lojasaquitem.com\/cores\/#\/schema\/logo\/image\/","url":"https:\/\/lojasaquitem.com\/cores\/wp-content\/uploads\/2022\/03\/Logo-Aqui-Tem-sem-fundo.png","contentUrl":"https:\/\/lojasaquitem.com\/cores\/wp-content\/uploads\/2022\/03\/Logo-Aqui-Tem-sem-fundo.png","width":766,"height":671,"caption":"Lojas Aqui Tem"},"image":{"@id":"https:\/\/lojasaquitem.com\/cores\/#\/schema\/logo\/image\/"}}]}},"_links":{"self":[{"href":"https:\/\/lojasaquitem.com\/cores\/wp-json\/wp\/v2\/pages\/12541","targetHints":{"allow":["GET"]}}],"collection":[{"href":"https:\/\/lojasaquitem.com\/cores\/wp-json\/wp\/v2\/pages"}],"about":[{"href":"https:\/\/lojasaquitem.com\/cores\/wp-json\/wp\/v2\/types\/page"}],"author":[{"embeddable":true,"href":"https:\/\/lojasaquitem.com\/cores\/wp-json\/wp\/v2\/users\/1"}],"replies":[{"embeddable":true,"href":"https:\/\/lojasaquitem.com\/cores\/wp-json\/wp\/v2\/comments?post=12541"}],"version-history":[{"count":10,"href":"https:\/\/lojasaquitem.com\/cores\/wp-json\/wp\/v2\/pages\/12541\/revisions"}],"predecessor-version":[{"id":12551,"href":"https:\/\/lojasaquitem.com\/cores\/wp-json\/wp\/v2\/pages\/12541\/revisions\/12551"}],"wp:attachment":[{"href":"https:\/\/lojasaquitem.com\/cores\/wp-json\/wp\/v2\/media?parent=12541"}],"curies":[{"name":"wp","href":"https:\/\/api.w.org\/{rel}","templated":true}]}}